factor of j and x.
54
Let s(v) = 5*v**2 - 2*v + 29. Let b be s(-7). Suppose 15*d - 19*d = b. Let l be (12/(-36))/(1 - (-75)/d). What is the highest common factor of 48 and l?
8
Let r = 6270 - 3390. Calculate the highest common divisor of 40 and r.
40
Suppose 0 = -5*f + 1287 + 3438. Let d = 37872 + -37837. Calculate the greatest common factor of f and d.
35
Let d be (0 - 247)*(1 - 2). Suppose 17042 - 1120 = 522*z + 316*z. What is the greatest common factor of z and d?
19
Let a = -269 - -485. What is the highest common divisor of 384 and a?
24
Let m(s) = 3*s**2 - s. Let t be (-1)/(-1 + 4/5). Let b be m(t). Suppose 80*d = 132 - 71 + 499. What is the greatest common divisor of d and b?
7
Let k be (-3)/1 + 89 - (18 - 23). Let l be (-78)/(13/(k/(-14))). What is the highest common factor of 39 and l?
39
Let b(q) = 243*q + 819. Let t be b(-3). Calculate the greatest common factor of 2010 and t.
30
Suppose -g + 76 + 19 = 2*f, -f + 359 = 4*g. Let n = g - 81. Calculate the highest common factor of 24 and n.
8
Let u = -18 - -30. Let b(z) = -4312*z - 21506. Let o be b(-5). Calculate the highest common factor of u and o.
6
Suppose 1230 = 4*p + 2*x, 9*x - 1231 = -4*p + 8*x. Let t = p + -243. Calculate the greatest common divisor of t and 13.
13
Let q be ((-12)/4 - 55)*(-44)/8. Suppose -3*w + 2009 = -m, -w = 4*m - q - 368. What is the highest common divisor of 61 and w?
61
Let z be (-16*(-20)/8)/((-390)/(-468)). Let g be (3/(-2))/(15/(-2560)). What is the greatest common factor of z and g?
16
Suppose w - 1 = -4*r, 4*w + 4*r = -0*r + 16. Suppose 2*n = w*n - 384. Calculate the highest common divisor of n and 48.
16
Suppose 299*q + 29*q - 909216 = 0. Calculate the highest common divisor of q and 22.
22
Let x be (-100)/(-40)*84/35. Calculate the highest common divisor of 50 and x.
2
Let i = -139 - 19. Let u = i - -169. What is the greatest common divisor of 1 and u?
1
Let f be ((-59)/(-4) + -78 + 76)/((-30)/(-4720)). Calculate the greatest common factor of f and 177.
59
Suppose 4004 = -b + 10*b + 2*b. Calculate the greatest common factor of 574 and b.
14
Let f be (8 + 3 - 2) + -7. Let m be 15*(8 + -10)*(-1)/f. What is the highest common divisor of 90 and m?
15
Let r = -878 + 884. Let l(f) = 17*f**2 - 29*f + 42. Let i be l(r). Calculate the highest common factor of i and 60.
60
Let z(y) = -41*y + 2346. Let l be z(57). Suppose -3*i - 3*g + 3 = 0, -2 = -2*i + 3*g - 0. Calculate the greatest common factor of l and i.
1
Suppose -2320 = -13*q + 8*q. Suppose 0 = h - y - 62, -4*y + 42 = 3*h - 2*h. Calculate the greatest common divisor of q and h.
58
Suppose 7*i = 2*y + 5*i - 2616, -3*i + 1284 = y. Calculate the greatest common factor of 210 and y.
42
Let m be (-24 - (-376)/5)*435/2. Calculate the greatest common divisor of m and 87.
87
Let b = -5108 + 5140. Calculate the highest common factor of b and 9.
1
Suppose 88*p - 83*p - 40 = -5*j, 16 = -p + 5*j. Suppose 0 = 4*f - 3*c + 5, 6*c - 9*c + 14 = 5*f. What is the greatest common divisor of f and p?
1
Suppose -3*m = -4*v - 11, -774*v - 3*m + 7 = -779*v. What is the highest common divisor of v and 343?
1
Suppose -57*n + 20*n = -3219. Let p be 7 + (2 - 0/2). Calculate the greatest common factor of n and p.
3
Let o(u) = 7*u**3 + 3*u**2 + 6*u. Let t be o(4). Let r = t + -509. What is the greatest common divisor of 341 and r?
11
Let x(o) = -o**3 + 82*o**2 - 73*o - 328. Let i be x(81). What is the highest common factor of 200 and i?
40
Suppose -105 = 4*n - 97. Let x be -1 - 0 - n*(-105)/(-6). What is the highest common divisor of x and 153?
17
Let q be -11 + (-464352)/(-736) + ((-2)/(-23) - 0). What is the highest common factor of 60 and q?
20
Suppose -1353996 = -113*z - 86*z. Calculate the highest common divisor of z and 140.
28
Let d = -28873 - -31294. Calculate the highest common divisor of 54 and d.
9
Let n be ((-7)/4)/(159/(-1464)*-46 + -5). Calculate the highest common factor of n and 61.
61
Let c be 1164/132 - 110/(-605). What is the greatest common factor of c and 5814?
9
Let d be (16/14)/8*(6 - -1). Suppose i = -u - 0*i + d, -15 = -3*i. Let s be 2208/44 - -5*u/110. Calculate the greatest common factor of 75 and s.
25
Let h be (-6)/(-24) - 1001217/(-28). What is the greatest common divisor of 38 and h?
38
Let m be (4 - (-27)/21*-4) + (-2172)/(-14). Calculate the greatest common factor of 3206 and m.
14
Let r(f) = f**2 + 7*f + 8. Let n be r(11). Calculate the greatest common divisor of 1339 and n.
103
Let y be (-2304)/(-1408) + (-3836)/(-22). What is the highest common factor of y and 4?
4
Let f(a) = -2*a**3 + 223*a**2 - 64*a - 111. Let j be f(111). What is the highest common divisor of j and 276?
138
Let i(o) be the first derivative of 2*o**3/3 + 11*o**2/2 + 10*o + 7. Let w be i(-8). Let t be w/15*48/20. What is the greatest common divisor of t and 8?
8
Suppose -3*v + 143 = 2*g, -5*v + 122 = 5*g - 248. Let r = g + -77. Let w be -3 - -14 - (-4 + 3). Calculate the greatest common divisor of w and r.
2
Let t be ((-114)/(-3))/((-71)/(-852)). Calculate the highest common divisor of t and 741.
57
Let t = 63 + -61. Suppose -8 = -4*q + t*q. Let i be 8*2/12*6/q. Calculate the highest common divisor of 5 and i.
1
Let w(c) = c**3 - 10*c**2 + 9*c + 20. Let l be w(9). Let o be 125/l*24/(-3). Let a be 220/(-8)*(-5)/(o/(-4)). What is the highest common factor of 22 and a?
11
Let x(u) = -u**3 + 13*u**2 + 13*u + 16. Let c be x(14). Let l = 3 - c. Let f be 200/(-1300) + (-67)/(-13). Calculate the highest common factor of f and l.
1
Let t be 2*(-17 + 19 + 0 + 0). Suppose -v - 2*r = -58, t*r + 22 = v - 24. What is the highest common factor of v and 18?
18
Let h be (-805)/(-10)*946/77. Calculate the highest common factor of 43 and h.
43
Let z be -6*(-12)/(-9)*-37. Suppose -3*h - 2*h = -4*d + 27, 4*d - 3*h - 29 = 0. Calculate the highest common factor of d and z.
8
Let k = 3192 - 3003. Suppose 0 = -5*b + 4*p + 86 + 39, 5*b - 3*p - 120 = 0. What is the greatest common divisor of b and k?
21
Let q = -210 + 337. Let j = q - 187. Let r be ((-40)/j)/(4/54). Calculate the greatest common divisor of 72 and r.
9
Let r = 1830 + -1648. What is the greatest common divisor of 238 and r?
14
Let i be (-2)/9 - (-60)/27. Let t(d) = 46537 + 6*d**2 + 7*d**2 - 6*d - 46539. Let m be t(i). What is the highest common factor of 95 and m?
19
Let j(u) = -u**2 - 19*u + 45. Suppose -23*z + 210 = -33*z. Let q be j(z). Suppose 12 = -3*i, 6*d + 3*i - 8 = d. Calculate the highest common divisor of d and q.
1
Let v = -635 - -2374. Suppose 47*h - v = 5499. Calculate the greatest common divisor of h and 56.
14
Let g(u) = -u**3 - 2*u**2 - 3*u - 2. Let h be g(-5). Let v be (-88)/12*3 + 2. Let j be (v*1)/(-5) + (7 - 3). Calculate the greatest common factor of h and j.
8
Let p = 120 + -94. Let u(h) = h**2 + 16*h + 112. Let t be u(-19). Calculate the greatest common factor of p and t.
13
Let c(w) = w**3 - 7*w**2 - 7*w + 18. Let g be c(10). Suppose -g*r = -244*r - 20. Calculate the greatest common factor of 1 and r.
1
Suppose -4*x - 58 = -i + 92, 5*i - 4*x - 750 = 0. Let b be (i + -3)*4/12. Let p = 4 - -45. Calculate the highest common divisor of p and b.
49
Let k(t) = 5*t. Let r be k(2). Suppose -735 + 145 = -r*c. Let y = -50 + c. What is the highest common factor of 153 and y?
9
Suppose -v = 4*s + 139 - 194, 5*s = 5*v - 275. What is the greatest common factor of 781 and v?
11
Let q(p) = 17*p**3 - 11*p**2 + 79*p - 163. Let x be q(2). Calculate the highest common divisor of 1247 and x.
29
Let r = 134 - 312. Let d be 8/(-12) + 3 + r/(-6). What is the highest common divisor of d and 2?
2
Let r be (-1)/3 - 11/3. Let d(v) = -34*v - 4. Let i be d(r). Suppose i + 165 = 11*h. What is the greatest common factor of 3 and h?
3
Let r be ((-315)/(-70))/((-2)/(-20)). Let a = 122 - r. What is the highest common divisor of 22 and a?
11
Suppose -24 - 2568 = -54*y. Calculate the greatest common divisor of y and 4548.
12
Let c = 19 - 1. Let o(i) = -3*i**3 - 4*i**2 - 706*i - 2712. Let t be o(-4). What is the highest common divisor of c and t?
6
Let s = 2 - -4. Suppose -111*z = -50*z. Suppose -2*k - s*k + 2624 = z. What is the greatest common divisor of k and 41?
41
Let x(b) = b**3 - 3*b**2 + 7*b - 22. Let l be x(4). Let n = l - -4. What is the highest common divisor of n and 26?
26
Let j be (13